s divided by 2848.
96
Calculate the remainder when 40790 is divided by 40296.
494
What is the remainder when 3884483 is divided by 157?
146
Calculate the remainder when 39289 is divided by 1881.
1669
Calculate the remainder when 3798 is divided by 3483.
315
Calculate the remainder when 644415 is divided by 64435.
65
Calculate the remainder when 1059774404 is divided by 7.
3
What is the remainder when 57646829 is divided by 344?
341
What is the remainder when 175674 is divided by 87324?
1026
Calculate the remainder when 34416225 is divided by 196.
193
What is the remainder when 133322 is divided by 9646?
7924
Calculate the remainder when 11120909 is divided by 609.
569
Calculate the remainder when 33609627 is divided by 74.
11
Calculate the remainder when 48130653 is divided by 224.
221
What is the remainder when 495886 is divided by 495839?
47
What is the remainder when 200565 is divided by 9016?
2213
Calculate the remainder when 1993344 is divided by 569.
137
What is the remainder when 4976420 is divided by 91?
85
Calculate the remainder when 8526 is divided by 8404.
122
Calculate the remainder when 8123108 is divided by 338462.
20
What is the remainder when 102940 is divided by 258?
256
Calculate the remainder when 15400 is divided by 9467.
5933
Calculate the remainder when 555105 is divided by 26430.
75
Calculate the remainder when 48509 is divided by 69.
2
Calculate the remainder when 96524309 is divided by 719.
716
What is the remainder when 5391 is divided by 397?
230
What is the remainder when 51586124 is divided by 1322721?
5
Calculate the remainder when 346757 is divided by 173056.
645
Calculate the remainder when 7277355 is divided by 4665.
4620
Calculate the remainder when 74414338 is divided by 12.
10
Calculate the remainder when 50401 is divided by 25038.
325
Calculate the remainder when 108748 is divided by 390.
328
What is the remainder when 176562203 is divided by 13?
12
Calculate the remainder when 14316382 is divided by 121.
25
What is the remainder when 282935 is divided by 46985?
1025
Calculate the remainder when 7779267 is divided by 2593083.
18
What is the remainder when 20450277 is divided by 106?
15
What is the remainder when 1288577 is divided by 429127?
1196
Calculate the remainder when 16699243 is divided by 356.
351
Calculate the remainder when 78782 is divided by 679.
18
Calculate the remainder when 579778 is divided by 29.
10
What is the remainder when 137585 is divided by 28?
21
What is the remainder when 74016987 is divided by 274?
271
Calculate the remainder when 1352932 is divided by 193214.
434
What is the remainder when 3102210 is divided by 142?
78
What is the remainder when 4682004 is divided by 21576?
12
What is the remainder when 636513 is divided by 993?
0
What is the remainder when 11889023 is divided by 93?
89
Calculate the remainder when 1494944 is divided by 747471.
2
What is the remainder when 267540585 is divided by 147?
144
Calculate the remainder when 119918 is divided by 116766.
3152
What is the remainder when 127958 is divided by 21224?
614
Calculate the remainder when 206119 is divided by 103052.
15
What is the remainder when 4018020 is divided by 1691?
204
Calculate the remainder when 17165 is divided by 3223.
1050
Calculate the remainder when 5210276 is divided by 180.
176
What is the remainder when 372444 is divided by 16908?
468
Calculate the remainder when 137155 is divided by 13712.
35
Calculate the remainder when 70744093 is divided by 14.
7
What is the remainder when 649421 is divided by 643?
634
Calculate the remainder when 1812502 is divided by 94.
88
Calculate the remainder when 8052390 is divided by 428.
426
What is the remainder when 149916 is divided by 175?
116
What is the remainder when 436776 is divided by 16751?
1250
Calculate the remainder when 13560 is divided by 13434.
126
Calculate the remainder when 574024 is divided by 62.
28
Calculate the remainder when 27721 is divided by 3752.
1457
Calculate the remainder when 50039 is divided by 24983.
73
Calculate the remainder when 11675752 is divided by 898132.
36
Calculate the remainder when 461111 is divided by 92.
7
What is the remainder when 691595 is divided by 86434?
123
What is the remainder when 69171354 is divided by 5088?
5082
Calculate the remainder when 133801 is divided by 44555.
136
Calculate the remainder when 445878443 is divided by 41.
40
Calculate the remainder when 200296164 is divided by 103.
98
What is the remainder when 41190 is divided by 10297?
2
What is the remainder when 14111343 is divided by 881958?
15
What is the remainder when 5247692 is divided by 298?
210
What is the remainder when 3613 is divided by 60?
13
What is the remainder when 12465937 is divided by 215?
22
What is the remainder when 162137633 is divided by 5885?
5883
Calculate the remainder when 297824945 is divided by 24.
17
What is the remainder when 64268 is divided by 15088?
3916
Calculate the remainder when 17829904 is divided by 6834.
6832
Calculate the remainder when 4546686 is divided by 2273332.
22
Calculate the remainder when 281948762 is divided by 93982919.
5
Calculate the remainder when 20491945 is divided by 5363.
5285
Calculate the remainder when 1347 is divided by 1208.
139
Calculate the remainder when 2290642 is divided by 418.
2
Calculate the remainder when 4845572 is divided by 103097.
13
What is the remainder when 638379 is divided by 33590?
169
What is the remainder when 36174696 is divided by 135?
96
What is the remainder when 3789450 is divided by 59?
57
What is the remainder when 625478 is divided by 3125?
478
Calculate the remainder when 10305905 is divided by 5152939.
27
What is the remainder when 32431800 is divided by 3603530?
30
Calculate the remainder when 6540818 is divided by 1440.
338
What is the remainder when 9089 is divided by 4424?
241
Calculate the remainder when 2823090 is divided by 1531.
1457
What is the remainder when 94563921 is divided by 315?
291
Calculate the remainder when 1057434 is divided by 7396.
7202
What is the remainder when 909809 is divided by 1458?
17
What is the remainder when 12844859 is divided by 2643?
2522
Calculate the remainder when 2693794 is divided by 663.
25
Calculate the remainder when 311544 is divided by 113.
3
Calculate the remainder when 9496155 is divided by 6037.
5991
Calculate the remainder when 1113668 is divided by 243.
242
Calculate the remainder when 4443210 is divided by 21.
9
Calculate the remainder when 228570 is divided by 675.
420
What is the remainder when 2116822 is divided by 100705?
2017
Calculate the remainder when 766733 is divided by 1817.
1776
What is the remainder when 1710175 is divided by 1453?
1447
What is the remainder when 59363693 is divided by 1492?
1489
What is the remainder when 68318229 is divided by 34159112?
5
Calculate the remainder when 30875869 is divided by 656933.
18
What is the remainder when 36924 is divided by 401?
32
What is the remainder when 262022107 is divided by 262022086?
21
Calculate the remainder when 487121 is divided by 38.
37
Calculate the remainder when 53637 is divided by 26597.
443
Calculate the remainder when 25376503 is divided by 10.
3
Calculate the remainder when 20221812 is divided by 656.
612
Calculate the remainder when 6308161 is divided by 700904.
25
What is the remainder when 9777088 is divided by 362114?
10
Calculate the remainder when 922773 is divided by 184541.
68
Calculate the remainder when 222476 is divided by 3970.
156
What is the remainder when 4611413 is divided by 724?
257
Calculate the remainder when 8939899 is divided by 788.
39
Calculate the remainder when 1356403 is divided by 5.
3
What is the remainder when 3741318 is divided by 2598?
198
What is the remainder when 21526040 is divided by 108?
20
What is the remainder when 73967 is divided by 24533?
368
What is the remainder when 507911 is divided by 50771?
201
Calculate the remainder when 545971255 is divided by 284.
283
Calculate the remainder when 13322843 is divided by 5612.
5567
Calculate the remainder when 2755779 is divided by 393613.
488
Calculate the remainder when 29073 is divided by 1944.
1857
Calculate the remainder when 7351996 is divided by 58.
32
Calculate the remainder when 2961130 is divided by 740280.
10
Calculate t